ime number?
True
Is 51709409 composite?
False
Is 2660909 a prime number?
False
Is 42596017 prime?
False
Is 1147807 a prime number?
False
Is 341855 prime?
False
Is 84460421 composite?
False
Is 282053 composite?
False
Is 9942659 prime?
True
Is 806890355 a prime number?
False
Is 5143967 prime?
True
Is 229955051 a prime number?
True
Is 29219689 composite?
False
Is 33579929 composite?
True
Is 18087899 a prime number?
True
Is 110860931 composite?
False
Is 27364693 a composite number?
True
Is 5076853 a prime number?
True
Is 21406069 a prime number?
True
Is 7355819 a prime number?
True
Is 1389001 a composite number?
False
Is 578897 prime?
False
Is 6952927 a prime number?
False
Is 184817293 prime?
False
Is 18710357 a composite number?
False
Is 20340043 composite?
True
Is 6429751 composite?
True
Is 7072061 prime?
False
Is 4275199 prime?
False
Is 16541189 composite?
True
Is 435917 prime?
False
Is 6257807 composite?
True
Is 7328719 composite?
False
Is 2116019 composite?
False
Is 1702121 prime?
True
Is 1810729 a composite number?
True
Is 689573569 composite?
False
Is 93774947 a composite number?
True
Is 2080529 a composite number?
True
Is 3349441 a composite number?
True
Is 1965377 prime?
True
Is 877423 prime?
True
Is 32482421 prime?
True
Is 105044651 prime?
True
Is 700399 a prime number?
False
Is 2772881 a composite number?
False
Is 5591291 prime?
False
Is 2233373 a prime number?
True
Is 38309773 prime?
True
Is 296861987 composite?
False
Is 141469793 a prime number?
True
Is 581851 prime?
False
Is 1188499 a composite number?
True
Is 50946001 composite?
False
Is 303634679 a composite number?
False
Is 6048167 composite?
False
Is 241542073 prime?
False
Is 29426513 a composite number?
True
Is 14067502 prime?
False
Is 87075437 composite?
True
Is 511519 a composite number?
False
Is 89066923 a prime number?
False
Is 6595943 a composite number?
True
Is 8991046 composite?
True
Is 23690873 composite?
False
Is 73633583 a composite number?
False
Is 18030629 a prime number?
True
Is 395389883 a composite number?
True
Is 5060687 a prime number?
True
Is 473673307 composite?
False
Is 18483679 a prime number?
False
Is 919451459 a prime number?
False
Is 19799537 prime?
False
Is 7886381 composite?
True
Is 44970361 composite?
False
Is 2932521 a composite number?
True
Is 6631123 a composite number?
True
Is 17267111 a prime number?
True
Is 84441761 a composite number?
True
Is 19548619 a composite number?
False
Is 1074167 prime?
True
Is 745259 a composite number?
True
Is 4635731 a composite number?
False
Is 247329899 a prime number?
True
Is 53150509 a prime number?
True
Is 4344541 a prime number?
False
Is 10795651 prime?
True
Is 351913 a prime number?
True
Is 13913 a composite number?
False
Is 335549017 composite?
False
Is 18522209 a prime number?
False
Is 24668497 a prime number?
False
Is 28064959 a prime number?
False
Is 549137777 a composite number?
True
Is 141085219 a composite number?
True
Is 35824651 prime?
True
Is 89994871 a composite number?
False
Is 71115049 a prime number?
True
Is 33308087 composite?
False
Is 34000165 a prime number?
False
Is 2707439 a prime number?
False
Is 1489141 prime?
False
Is 3998393 prime?
False
Is 53720999 a composite number?
True
Is 2471 composite?
True
Is 1958251 prime?
False
Is 10074677 a prime number?
False
Is 17407483 composite?
False
Is 11830466 prime?
False
Is 487615 a composite number?
True
Is 15102343 prime?
True
Is 5073419 a composite number?
True
Is 724433 a composite number?
False
Is 67503193 a composite number?
False
Is 25267097 prime?
True
Is 5652401 a prime number?
True
Is 3733363 composite?
False
Is 121675291 prime?
True
Is 7881487 composite?
False
Is 165387947 a composite number?
False
Is 2716139 prime?
False
Is 57056663 composite?
False
Is 48523303 a prime number?
True
Is 2336993 prime?
True
Is 257731 composite?
False
Is 14942437 composite?
False
Is 1835617 composite?
True
Is 4805929 a prime number?
True
Is 7350355 a prime number?
False
Is 709058069 a prime number?
False
Is 6583783 a prime number?
False
Is 315540557 a prime number?
True
Is 31787167 composite?
True
Is 5223643 composite?
False
Is 4278005 prime?
False
Is 39361719 a prime number?
False
Is 61124249 a prime number?
False
Is 23505421 composite?
True
Is 46154587 a composite number?
False
Is 1757521 a composite number?
False
Is 43042603 a prime number?
True
Is 4402787 prime?
True
Is 5637635 composite?
True
Is 10818177 composite?
True
Is 8043401 a prime number?
True
Is 39299791 prime?
False
Is 7733995 a prime number?
False
Is 511951813 composite?
False
Is 1264297 a composite number?
True
Is 772403 composite?
False
Is 19960027 a prime number?
False
Is 452075269 a prime number?
True
Is 169341583 prime?
True
Is 102204821 a prime number?
True
Is 2107943 a prime number?
False
Is 7510046 a composite number?
True
Is 222717323 a prime number?
False
Is 13207687 prime?
True
Is 305717 a prime number?
True
Is 31020659 a prime number?
True
Is 152118973 a prime number?
False
Is 9192721 a composite number?
True
Is 51639898 composite?
True
Is 57534583 prime?
False
Is 278321 a composite number?
False
Is 354421 prime?
True
Is 1094557 prime?
True
Is 31946801 a prime number?
True
Is 84892853 a composite number?
False
Is 40291523 a composite number?
True
Is 916259 prime?
True
Is 27571211 prime?
True
Is 59609741 a composite number?
True
Is 2656649 a prime number?
True
Is 338824727 composite?
False
Is 83929789 composite?
False
Is 6913913 prime?
False
Is 170422583 a composite number?
False
Is 2413007 prime?
True
Is 113233997 a composite number?
False
Is 410551 a prime number?
True
Is 13060681 prime?
True
Is 83319857 a prime number?
True
Is 275666581 a composite number?
True
Is 657890213 a composite number?
True
Is 396446339 prime?
False
Is 8733565 a composite number?
True
Is 2950627 a composite number?
True
Is 81347729 a composite number?
True
Is 837359 a prime number?
True
Is 10240057 composite?
True
Is 22700519 composite?
False
Is 15084319 composite?
False
Is 2639171 a prime number?
True
Is 4510327 composite?
False
Is 102965 prime?
False
Is 115957951 a prime number?
False
Is 16794887 prime?
True
Is 3533293 composite?
False
Is 260346259 a composite number?
True
Is 172061609 prime?
True
Is 4463601 composite?
True
Is 36686647 prime?
False
Is 17663377 composite?
False
Is 46466659 composite?
False
Is 137440781 a composite number?
True
Is 35468833 prime?
True
Is 287371211 composite?
False
Is 445910021 composite?
True
Is 2016787 a composite number?
False
Is 356451091 prime?
True
Is 507245 a prime number?
False
Is 8746799 prime?
True
Is 8377877 a prime number?
True
Is 113532743 prime?
False
Is 718161 prime?
False
Is 14151719 a composite number?
True
Is 2378873 prime?
False
Is 93289423 composite?
True
Is 12681161 prime?
False
Is 1496987 a prime number?
True
Is 28595201 prime?
False
Is 5300027 composite?
False
Is 189346841 a composite number?
False
Is 215784997 a composite number?
False
Is 1320961 a prime number?
True
Is 3270011 a prime number?
False
Is 543871 prime?
True
Is 965765 a composite number?
True
Is 80407153 a composite number?
False
Is 15294017 a composite number?
False
Is 212627 composite?
False
Is 47961517 a composite number?
False
Is 21303082 a composite number?
True
Is 101204319 prime?
False
Is 12154841 a prime number?
True
Is 80836169 a composite number?
False
Is 1992203 a composite number?
False
Is 3447463 prime?
True
Is 4764089 prime?
False
Is 25561411 a prime number?
True
Is 28170677 a composite number?
False
Is 6291673 composite?
True
Is 19441109 a composite number?
False
Is 403687 a prime number?
True
Is 2071067 prime?
False
Is 30120287 composite?
True
Is 1026088953 composite?
True
Is 70405249 a prime number?
False
Is 12914263 a composite number?
True
Is 2335789 a prime number?
True
Is 409836101 composite?
True
Is 10241051 a prime number?
False
Is 283421759 prime?
False
Is 1193821 a prime number?
True
Is 80118937 a composite number?
False
Is 158244557 prime?
True
Is 1025447 prime?
False
Is 17345483 prime?
False
Is 676743 a prime number?
False
Is 8631521 prime?
False
Is 3619877 a composite number?
False
Is 663251 a composite number?
True
Is 58093313 prime?
False
Is 590834747 composite?
False
Is 479701 a composite number?
False
Is 10788373 composite?
False
Is 36770137 prime?
Fal